{"id":43973,"date":"2023-08-29T13:30:28","date_gmt":"2023-08-29T13:30:28","guid":{"rendered":"https:\/\/www.temaitaly.com\/entreprise\/lhistoire\/"},"modified":"2023-08-29T13:30:29","modified_gmt":"2023-08-29T13:30:29","slug":"lhistoire","status":"publish","type":"page","link":"https:\/\/www.temaitaly.com\/fr\/entreprise\/lhistoire\/","title":{"rendered":"L&rsquo;histoire"},"content":{"rendered":"<p>[vc_row css=\u00a0\u00bb.vc_custom_1653912855341{margin-bottom: 0px !important;padding-top: 47px !important;padding-bottom: 0px !important;}\u00a0\u00bb parallax_background=\u00a0\u00bb\u00a0\u00bb][vc_column width=\u00a0\u00bb1\/2&Prime; css=\u00a0\u00bb.vc_custom_1422768980499{padding-top: 45px !important;padding-bottom: 30px !important;}\u00a0\u00bb][vc_custom_heading text=\u00a0\u00bbUne histoire qui nous distingue\u00a0\u00bb font_container=\u00a0\u00bbtag:h2|font_size:26|text_align:left\u00a0\u00bb google_fonts=\u00a0\u00bbfont_family:Roboto%3A100%2C100italic%2C300%2C300italic%2Cregular%2Citalic%2C500%2C500italic%2C700%2C700italic%2C900%2C900italic|font_style:500%20bold%20regular%3A500%3Anormal\u00a0\u00bb css=\u00a0\u00bb.vc_custom_1653911700578{margin-bottom: 17px !important;}\u00a0\u00bb][vc_column_text css=\u00a0\u00bb.vc_custom_1658304502634{margin-bottom: 25px !important;}\u00a0\u00bb]Le parcours qui a conduit TE.M.A. \u00e0 \u00eatre un acteur majeur dans ses domaines d&rsquo;activit\u00e9 est le r\u00e9sultat d&rsquo;une vision claire et se caract\u00e9rise par des choix entrepreneuriaux clairvoyants.<\/p>\n<p>TE.M.A. a interpr\u00e9t\u00e9 et contribu\u00e9 \u00e0 l&rsquo;\u00e9volution de l&rsquo;ensemble du secteur.<br \/>\n[\/vc_column_text][\/vc_column][vc_column width=\u00a0\u00bb1\/2&Prime; animation=\u00a0\u00bbrda_fadeInUp\u00a0\u00bb][vc_single_image image=\u00a0\u00bb35677&Prime; img_size=\u00a0\u00bbfull\u00a0\u00bb css=\u00a0\u00bb.vc_custom_1658838624284{padding-top: 24px !important;}\u00a0\u00bb][\/vc_column][\/vc_row][vc_row css=\u00a0\u00bb.vc_custom_1422891257866{margin-bottom: 0px !important;padding-top: 94px !important;padding-bottom: 100px !important;}\u00a0\u00bb parallax_background=\u00a0\u00bb\u00a0\u00bb][vc_column][vc_custom_heading text=\u00a0\u00bbDates de l&rsquo;A.M.E.\u00a0\u00bb font_container=\u00a0\u00bbtag:h2|font_size:26|text_align:center\u00a0\u00bb google_fonts=\u00a0\u00bbfont_family:Roboto%3A100%2C100italic%2C300%2C300italic%2Cregular%2Citalic%2C500%2C500italic%2C700%2C700italic%2C900%2C900italic|font_style:500%20bold%20regular%3A500%3Anormal\u00a0\u00bb css=\u00a0\u00bb.vc_custom_1653912847137{margin-bottom: 17px !important;}\u00a0\u00bb]<style type=\"text\/css\" >#tle_zngj3i3j3spj7tvdjuzm .v_line{background: #000000; background: -moz-linear-gradient(top, #000000 1%, #e3000d 100%); background: -webkit-gradient(linear, left top, left bottom, color-stop(1%,#000000), color-stop(100%,#e3000d)); background: -webkit-linear-gradient(top, #000000 1%,#e3000d 100%); background: -o-linear-gradient(top, #000000 1%,#e3000d 100%); background: -ms-linear-gradient(top, #000000 1%,#e3000d 100%); background: linear-gradient(to bottom, #000000 1%,#e3000d 100%); filter: progid:DXImageTransform.Microsoft.gradient( startColorstr=\"#000000\", endColorstr=\"#e3000d\",GradientType=0 );}#tle_zngj3i3j3spj7tvdjuzm .event_img{border-color:#ecf0f1;}#tle_zngj3i3j3spj7tvdjuzm .event_info h2{color:#2c3e50;}#tle_zngj3i3j3spj7tvdjuzm .event_info p{color:#a1b1bc;}#tle_zngj3i3j3spj7tvdjuzm span.timeline_event_date_ctn:nth-of-type(odd) .timeline_event_date,#tle_zngj3i3j3spj7tvdjuzm span.timeline_event_date_ctn:nth-of-type(odd) h2{background:#ffffff; color:#a1b1bc;}#tle_zngj3i3j3spj7tvdjuzm span.timeline_event_date_ctn:nth-of-type(even) .timeline_event_date,#tle_zngj3i3j3spj7tvdjuzm span.timeline_event_date_ctn:nth-of-type(even) h2{background:#ffffff; color:#2c3e50;}#tle_zngj3i3j3spj7tvdjuzm div.timeline_event:nth-of-type(even):after {color:#000000;}#tle_zngj3i3j3spj7tvdjuzm div.timeline_event:nth-of-type(odd):before {color:#e3000d;}#tle_zngj3i3j3spj7tvdjuzm {margin-top:0px; margin-bottom:0px; }<\/style>\n<!-- Timeline Event --><div class=\"timeline_event_ctn  clearfix\" id=\"tle_zngj3i3j3spj7tvdjuzm\"><div class=\"v_line\"><\/div><span class=\"timeline_event_date_ctn\"><div class=\"timeline_event_date\"><h2>1985<\/h2><\/div><\/span><div class=\"timeline_event rda_bounceInLeft\"><div class=\"event_img\"><img class=\"\" src=\"https:\/\/www.temaitaly.com\/wp-content\/uploads\/2015\/02\/placeholder-250x250.jpg\" width=\"250\" height=\"250\" alt=\"placeholder\" title=\"placeholder\" \/><\/div><div class=\"event_triangle\"><\/div><div class=\"event_info\"><h2>Anno di fondazione<\/h2><p>Nulla vehicula tortor scelerisque ultrices malesuada. Ut vel semper nisi, sed mattis leo. Nam eu magna eu nisl rutrum mattis ut sit amet tellus. Cras volutpat erat eu mauris vulputate, eget condimentum lectus pulvinar. Quisque hendrerit&#8230;<\/p><\/div><\/div><span class=\"timeline_event_date_ctn\"><div class=\"timeline_event_date\"><h2>1990<\/h2><\/div><\/span><div class=\"timeline_event rda_bounceInLeft\"><div class=\"event_img\"><img class=\"\" src=\"https:\/\/www.temaitaly.com\/wp-content\/uploads\/2015\/02\/placeholder-250x250.jpg\" width=\"250\" height=\"250\" alt=\"placeholder\" title=\"placeholder\" \/><\/div><div class=\"event_triangle\"><\/div><div class=\"event_info\"><h2>Costruzione nuova sede di Casazza in via Cavellas<\/h2><p>Nulla vehicula tortor scelerisque ultrices malesuada. Ut vel semper nisi, sed mattis leo. Nam eu magna eu nisl rutrum mattis ut sit amet tellus. Cras volutpat erat eu mauris vulputate, eget condimentum lectus pulvinar. Quisque hendrerit&#8230;<\/p><\/div><\/div><span class=\"timeline_event_date_ctn\"><div class=\"timeline_event_date\"><h2>2000<\/h2><\/div><\/span><div class=\"timeline_event rda_bounceInLeft\"><div class=\"event_img\"><img class=\"\" src=\"https:\/\/www.temaitaly.com\/wp-content\/uploads\/2015\/02\/placeholder-250x250.jpg\" width=\"250\" height=\"250\" alt=\"placeholder\" title=\"placeholder\" \/><\/div><div class=\"event_triangle\"><\/div><div class=\"event_info\"><h2>Ampliamento stabilimento sede in via Cavellas<\/h2><p>Nulla vehicula tortor scelerisque ultrices malesuada. Ut vel semper nisi, sed mattis leo. Nam eu magna eu nisl rutrum mattis ut sit amet tellus. Cras volutpat erat eu mauris vulputate, eget condimentum lectus pulvinar. Quisque hendrerit&#8230;<\/p><\/div><\/div><span class=\"timeline_event_date_ctn\"><div class=\"timeline_event_date\"><h2>2005<\/h2><\/div><\/span><div class=\"timeline_event rda_bounceInRight\"><div class=\"event_img\"><img class=\"\" src=\"https:\/\/www.temaitaly.com\/wp-content\/uploads\/2015\/02\/placeholder-250x250.jpg\" width=\"250\" height=\"250\" alt=\"placeholder\" title=\"placeholder\" \/><\/div><div class=\"event_triangle\"><\/div><div class=\"event_info\"><h2>Costruzione nuovo stabilimento di Grone<\/h2><p>Nulla vehicula tortor scelerisque ultrices malesuada. Ut vel semper nisi, sed mattis leo. Nam eu magna eu nisl rutrum mattis ut sit amet tellus. Cras volutpat erat eu mauris vulputate, eget condimentum lectus pulvinar. Quisque hendrerit&#8230;<\/p><\/div><\/div><span class=\"timeline_event_date_ctn\"><div class=\"timeline_event_date\"><h2>2010<\/h2><\/div><\/span><div class=\"timeline_event rda_bounceInLeft\"><div class=\"event_img\"><img class=\"\" src=\"https:\/\/www.temaitaly.com\/wp-content\/uploads\/2015\/02\/placeholder-250x250.jpg\" width=\"250\" height=\"250\" alt=\"placeholder\" title=\"placeholder\" \/><\/div><div class=\"event_triangle\"><\/div><div class=\"event_info\"><h2>Costruzione nuova sede di Casazza in Via Prato Pieve<\/h2><p>Nulla vehicula tortor scelerisque ultrices malesuada. Ut vel semper nisi, sed mattis leo. Nam eu magna eu nisl rutrum mattis ut sit amet tellus. Cras volutpat erat eu mauris vulputate, eget condimentum lectus pulvinar. Quisque hendrerit&#8230;<\/p><\/div><\/div><span class=\"timeline_event_date_ctn\"><div class=\"timeline_event_date\"><h2>2014<\/h2><\/div><\/span><div class=\"timeline_event rda_bounceInRight\"><div class=\"event_img\"><img class=\"\" src=\"https:\/\/www.temaitaly.com\/wp-content\/uploads\/2015\/02\/placeholder-250x250.jpg\" width=\"250\" height=\"250\" alt=\"placeholder\" title=\"placeholder\" \/><\/div><div class=\"event_triangle\"><\/div><div class=\"event_info\"><h2>Nascita del settore Energy<\/h2><p>Nulla vehicula tortor scelerisque ultrices malesuada. Ut vel semper nisi, sed mattis leo. Nam eu magna eu nisl rutrum mattis ut sit amet tellus. Cras volutpat erat eu mauris vulputate, eget condimentum lectus pulvinar. Quisque hendrerit&#8230;<\/p><\/div><\/div><span class=\"timeline_event_date_ctn\"><div class=\"timeline_event_date\"><h2>2015<\/h2><\/div><\/span><div class=\"timeline_event rda_bounceInLeft\"><div class=\"event_img\"><img class=\"\" src=\"https:\/\/www.temaitaly.com\/wp-content\/uploads\/2015\/02\/placeholder-250x250.jpg\" width=\"250\" height=\"250\" alt=\"placeholder\" title=\"placeholder\" \/><\/div><div class=\"event_triangle\"><\/div><div class=\"event_info\"><h2>Ampliamento sede produttiva<\/h2><p>Nulla vehicula tortor scelerisque ultrices malesuada. Ut vel semper nisi, sed mattis leo. Nam eu magna eu nisl rutrum mattis ut sit amet tellus. Cras volutpat erat eu mauris vulputate, eget condimentum lectus pulvinar. Quisque hendrerit&#8230;<\/p><\/div><\/div><span class=\"timeline_event_date_ctn\"><div class=\"timeline_event_date\"><h2>2019<\/h2><\/div><\/span><div class=\"timeline_event rda_bounceInLeft\"><div class=\"event_img\"><img class=\"\" src=\"https:\/\/www.temaitaly.com\/wp-content\/uploads\/2015\/02\/placeholder-250x250.jpg\" width=\"250\" height=\"250\" alt=\"placeholder\" title=\"placeholder\" \/><\/div><div class=\"event_triangle\"><\/div><div class=\"event_info\"><h2>Nascita dello spin-off TE.M.A. Energy<\/h2><p>Nulla vehicula tortor scelerisque ultrices malesuada. Ut vel semper nisi, sed mattis leo. Nam eu magna eu nisl rutrum mattis ut sit amet tellus. Cras volutpat erat eu mauris vulputate, eget condimentum lectus pulvinar. Quisque hendrerit&#8230;<\/p><\/div><\/div><span class=\"timeline_event_date_ctn\"><div class=\"timeline_event_date\"><h2>2021<\/h2><\/div><\/span><div class=\"timeline_event rda_bounceInLeft\"><div class=\"event_img\"><img class=\"\" src=\"https:\/\/www.temaitaly.com\/wp-content\/uploads\/2015\/02\/placeholder-250x250.jpg\" width=\"250\" height=\"250\" alt=\"placeholder\" title=\"placeholder\" \/><\/div><div class=\"event_triangle\"><\/div><div class=\"event_info\"><h2>Nuovo ampliamento reparto produttivo<\/h2><p>Nulla vehicula tortor scelerisque ultrices malesuada. Ut vel semper nisi, sed mattis leo. Nam eu magna eu nisl rutrum mattis ut sit amet tellus. Cras volutpat erat eu mauris vulputate, eget condimentum lectus pulvinar. Quisque hendrerit&#8230;<\/p><\/div><\/div><span class=\"timeline_event_date_ctn\"><div class=\"timeline_event_date\"><h2>OGGI<\/h2><\/div><\/span><div class=\"timeline_event rda_bounceInLeft\"><div class=\"event_img\"><img class=\"\" src=\"https:\/\/www.temaitaly.com\/wp-content\/uploads\/2015\/02\/placeholder-250x250.jpg\" width=\"250\" height=\"250\" alt=\"placeholder\" title=\"placeholder\" \/><\/div><div class=\"event_triangle\"><\/div><div class=\"event_info\"><h2>Novit\u00e0 e Mission<\/h2><p>Nulla vehicula tortor scelerisque ultrices malesuada. Ut vel semper nisi, sed mattis leo. Nam eu magna eu nisl rutrum mattis ut sit amet tellus. Cras volutpat erat eu mauris vulputate, eget condimentum lectus pulvinar. Quisque hendrerit&#8230;<\/p><\/div><\/div><\/div>\r\n\r\n<!-- Timeline Event END-->\n[\/vc_column][\/vc_row]<\/p>\n","protected":false},"excerpt":{"rendered":"<p>[vc_row css=\u00a0\u00bb.vc_custom_1653912855341{margin-bottom: 0px !important;padding-top: 47px !important;padding-bottom: 0px !important;}\u00a0\u00bb parallax_background=\u00a0\u00bb\u00a0\u00bb][vc_column width=\u00a0\u00bb1\/2&Prime; css=\u00a0\u00bb.vc_custom_1422768980499{padding-top: 45px !important;padding-bottom: 30px !important;}\u00a0\u00bb][vc_custom_heading text=\u00a0\u00bbUne histoire qui nous distingue\u00a0\u00bb font_container=\u00a0\u00bbtag:h2|font_size:26|text_align:left\u00a0\u00bb google_fonts=\u00a0\u00bbfont_family:Roboto%3A100%2C100italic%2C300%2C300italic%2Cregular%2Citalic%2C500%2C500italic%2C700%2C700italic%2C900%2C900italic|font_style:500%20bold%20regular%3A500%3Anormal\u00a0\u00bb css=\u00a0\u00bb.vc_custom_1653911700578{margin-bottom: 17px !important;}\u00a0\u00bb][vc_column_text css=\u00a0\u00bb.vc_custom_1658304502634{margin-bottom: 25px !important;}\u00a0\u00bb]Le parcours qui a conduit TE.M.A. \u00e0 \u00eatre un acteur majeur dans ses domaines d&rsquo;activit\u00e9 est le r\u00e9sultat d&rsquo;une vision claire et se caract\u00e9rise par des choix entrepreneuriaux<br \/><a href=\"https:\/\/www.temaitaly.com\/fr\/entreprise\/lhistoire\/\" class=\"more\">Read more<\/a><\/p>\n","protected":false},"author":1,"featured_media":0,"parent":43957,"menu_order":0,"comment_status":"closed","ping_status":"open","template":"","meta":[],"aioseo_notices":[],"_links":{"self":[{"href":"https:\/\/www.temaitaly.com\/fr\/wp-json\/wp\/v2\/pages\/43973"}],"collection":[{"href":"https:\/\/www.temaitaly.com\/fr\/wp-json\/wp\/v2\/pages"}],"about":[{"href":"https:\/\/www.temaitaly.com\/fr\/wp-json\/wp\/v2\/types\/page"}],"author":[{"embeddable":true,"href":"https:\/\/www.temaitaly.com\/fr\/wp-json\/wp\/v2\/users\/1"}],"replies":[{"embeddable":true,"href":"https:\/\/www.temaitaly.com\/fr\/wp-json\/wp\/v2\/comments?post=43973"}],"version-history":[{"count":3,"href":"https:\/\/www.temaitaly.com\/fr\/wp-json\/wp\/v2\/pages\/43973\/revisions"}],"predecessor-version":[{"id":43976,"href":"https:\/\/www.temaitaly.com\/fr\/wp-json\/wp\/v2\/pages\/43973\/revisions\/43976"}],"up":[{"embeddable":true,"href":"https:\/\/www.temaitaly.com\/fr\/wp-json\/wp\/v2\/pages\/43957"}],"wp:attachment":[{"href":"https:\/\/www.temaitaly.com\/fr\/wp-json\/wp\/v2\/media?parent=43973"}],"curies":[{"name":"wp","href":"https:\/\/api.w.org\/{rel}","templated":true}]}}

<p>[vc_row css= ».vc_custom_1653912855341{margin-bottom: 0px !important;padding-top: 47px !important;padding-bottom: 0px !important;} » parallax_background= » »][vc_column width= »1/2&Prime; css= ».vc_custom_1422768980499{padding-top: 45px !important;padding-bottom: 30px !important;} »][vc_custom_heading text= »Une histoire qui nous distingue » font_container= »tag:h2|font_size:26|text_align:left » google_fonts= »font_family:Roboto%3A100%2C100italic%2C300%2C300italic%2Cregular%2Citalic%2C500%2C500italic%2C700%2C700italic%2C900%2C900italic|font_style:500%20bold%20regular%3A500%3Anormal » css= ».vc_custom_1653911700578{margin-bottom: 17px !important;} »][vc_column_text css= ».vc_custom_1658304502634{margin-bottom: 25px !important;} »]Le parcours qui a conduit TE.M.A. à être un acteur majeur dans ses domaines d&rsquo;activité est le résultat d&rsquo;une vision claire et se caractérise par des choix entrepreneuriaux clairvoyants.</p>
<p>TE.M.A. a interprété et contribué à l&rsquo;évolution de l&rsquo;ensemble du secteur.<br />
[/vc_column_text][/vc_column][vc_column width= »1/2&Prime; animation= »rda_fadeInUp »][vc_single_image image= »35677&Prime; img_size= »full » css= ».vc_custom_1658838624284{padding-top: 24px !important;} »][/vc_column][/vc_row][vc_row css= ».vc_custom_1422891257866{margin-bottom: 0px !important;padding-top: 94px !important;padding-bottom: 100px !important;} » parallax_background= » »][vc_column][vc_custom_heading text= »Dates de l&rsquo;A.M.E. » font_container= »tag:h2|font_size:26|text_align:center » google_fonts= »font_family:Roboto%3A100%2C100italic%2C300%2C300italic%2Cregular%2Citalic%2C500%2C500italic%2C700%2C700italic%2C900%2C900italic|font_style:500%20bold%20regular%3A500%3Anormal » css= ».vc_custom_1653912847137{margin-bottom: 17px !important;} »]<style type="text/css" >#tle_zngj3i3j3spj7tvdjuzm .v_line{background: #000000; background: -moz-linear-gradient(top, #000000 1%, #e3000d 100%); background: -webkit-gradient(linear, left top, left bottom, color-stop(1%,#000000), color-stop(100%,#e3000d)); background: -webkit-linear-gradient(top, #000000 1%,#e3000d 100%); background: -o-linear-gradient(top, #000000 1%,#e3000d 100%); background: -ms-linear-gradient(top, #000000 1%,#e3000d 100%); background: linear-gradient(to bottom, #000000 1%,#e3000d 100%); filter: progid:DXImageTransform.Microsoft.gradient( startColorstr="#000000", endColorstr="#e3000d",GradientType=0 );}#tle_zngj3i3j3spj7tvdjuzm .event_img{border-color:#ecf0f1;}#tle_zngj3i3j3spj7tvdjuzm .event_info h2{color:#2c3e50;}#tle_zngj3i3j3spj7tvdjuzm .event_info p{color:#a1b1bc;}#tle_zngj3i3j3spj7tvdjuzm span.timeline_event_date_ctn:nth-of-type(odd) .timeline_event_date,#tle_zngj3i3j3spj7tvdjuzm span.timeline_event_date_ctn:nth-of-type(odd) h2{background:#ffffff; color:#a1b1bc;}#tle_zngj3i3j3spj7tvdjuzm span.timeline_event_date_ctn:nth-of-type(even) .timeline_event_date,#tle_zngj3i3j3spj7tvdjuzm span.timeline_event_date_ctn:nth-of-type(even) h2{background:#ffffff; color:#2c3e50;}#tle_zngj3i3j3spj7tvdjuzm div.timeline_event:nth-of-type(even):after {color:#000000;}#tle_zngj3i3j3spj7tvdjuzm div.timeline_event:nth-of-type(odd):before {color:#e3000d;}#tle_zngj3i3j3spj7tvdjuzm {margin-top:0px; margin-bottom:0px; }</style>
<!-- Timeline Event --><div class="timeline_event_ctn  clearfix" id="tle_zngj3i3j3spj7tvdjuzm"><div class="v_line"></div><span class="timeline_event_date_ctn"><div class="timeline_event_date"><h2>1985</h2></div></span><div class="timeline_event rda_bounceInLeft"><div class="event_img"><img class="" src="https://www.temaitaly.com/wp-content/uploads/2015/02/placeholder-250x250.jpg" width="250" height="250" alt="placeholder" title="placeholder" /></div><div class="event_triangle"></div><div class="event_info"><h2>Anno di fondazione</h2><p>Nulla vehicula tortor scelerisque ultrices malesuada. Ut vel semper nisi, sed mattis leo. Nam eu magna eu nisl rutrum mattis ut sit amet tellus. Cras volutpat erat eu mauris vulputate, eget condimentum lectus pulvinar. Quisque hendrerit&#8230;</p></div></div><span class="timeline_event_date_ctn"><div class="timeline_event_date"><h2>1990</h2></div></span><div class="timeline_event rda_bounceInLeft"><div class="event_img"><img class="" src="https://www.temaitaly.com/wp-content/uploads/2015/02/placeholder-250x250.jpg" width="250" height="250" alt="placeholder" title="placeholder" /></div><div class="event_triangle"></div><div class="event_info"><h2>Costruzione nuova sede di Casazza in via Cavellas</h2><p>Nulla vehicula tortor scelerisque ultrices malesuada. Ut vel semper nisi, sed mattis leo. Nam eu magna eu nisl rutrum mattis ut sit amet tellus. Cras volutpat erat eu mauris vulputate, eget condimentum lectus pulvinar. Quisque hendrerit&#8230;</p></div></div><span class="timeline_event_date_ctn"><div class="timeline_event_date"><h2>2000</h2></div></span><div class="timeline_event rda_bounceInLeft"><div class="event_img"><img class="" src="https://www.temaitaly.com/wp-content/uploads/2015/02/placeholder-250x250.jpg" width="250" height="250" alt="placeholder" title="placeholder" /></div><div class="event_triangle"></div><div class="event_info"><h2>Ampliamento stabilimento sede in via Cavellas</h2><p>Nulla vehicula tortor scelerisque ultrices malesuada. Ut vel semper nisi, sed mattis leo. Nam eu magna eu nisl rutrum mattis ut sit amet tellus. Cras volutpat erat eu mauris vulputate, eget condimentum lectus pulvinar. Quisque hendrerit&#8230;</p></div></div><span class="timeline_event_date_ctn"><div class="timeline_event_date"><h2>2005</h2></div></span><div class="timeline_event rda_bounceInRight"><div class="event_img"><img class="" src="https://www.temaitaly.com/wp-content/uploads/2015/02/placeholder-250x250.jpg" width="250" height="250" alt="placeholder" title="placeholder" /></div><div class="event_triangle"></div><div class="event_info"><h2>Costruzione nuovo stabilimento di Grone</h2><p>Nulla vehicula tortor scelerisque ultrices malesuada. Ut vel semper nisi, sed mattis leo. Nam eu magna eu nisl rutrum mattis ut sit amet tellus. Cras volutpat erat eu mauris vulputate, eget condimentum lectus pulvinar. Quisque hendrerit&#8230;</p></div></div><span class="timeline_event_date_ctn"><div class="timeline_event_date"><h2>2010</h2></div></span><div class="timeline_event rda_bounceInLeft"><div class="event_img"><img class="" src="https://www.temaitaly.com/wp-content/uploads/2015/02/placeholder-250x250.jpg" width="250" height="250" alt="placeholder" title="placeholder" /></div><div class="event_triangle"></div><div class="event_info"><h2>Costruzione nuova sede di Casazza in Via Prato Pieve</h2><p>Nulla vehicula tortor scelerisque ultrices malesuada. Ut vel semper nisi, sed mattis leo. Nam eu magna eu nisl rutrum mattis ut sit amet tellus. Cras volutpat erat eu mauris vulputate, eget condimentum lectus pulvinar. Quisque hendrerit&#8230;</p></div></div><span class="timeline_event_date_ctn"><div class="timeline_event_date"><h2>2014</h2></div></span><div class="timeline_event rda_bounceInRight"><div class="event_img"><img class="" src="https://www.temaitaly.com/wp-content/uploads/2015/02/placeholder-250x250.jpg" width="250" height="250" alt="placeholder" title="placeholder" /></div><div class="event_triangle"></div><div class="event_info"><h2>Nascita del settore Energy</h2><p>Nulla vehicula tortor scelerisque ultrices malesuada. Ut vel semper nisi, sed mattis leo. Nam eu magna eu nisl rutrum mattis ut sit amet tellus. Cras volutpat erat eu mauris vulputate, eget condimentum lectus pulvinar. Quisque hendrerit&#8230;</p></div></div><span class="timeline_event_date_ctn"><div class="timeline_event_date"><h2>2015</h2></div></span><div class="timeline_event rda_bounceInLeft"><div class="event_img"><img class="" src="https://www.temaitaly.com/wp-content/uploads/2015/02/placeholder-250x250.jpg" width="250" height="250" alt="placeholder" title="placeholder" /></div><div class="event_triangle"></div><div class="event_info"><h2>Ampliamento sede produttiva</h2><p>Nulla vehicula tortor scelerisque ultrices malesuada. Ut vel semper nisi, sed mattis leo. Nam eu magna eu nisl rutrum mattis ut sit amet tellus. Cras volutpat erat eu mauris vulputate, eget condimentum lectus pulvinar. Quisque hendrerit&#8230;</p></div></div><span class="timeline_event_date_ctn"><div class="timeline_event_date"><h2>2019</h2></div></span><div class="timeline_event rda_bounceInLeft"><div class="event_img"><img class="" src="https://www.temaitaly.com/wp-content/uploads/2015/02/placeholder-250x250.jpg" width="250" height="250" alt="placeholder" title="placeholder" /></div><div class="event_triangle"></div><div class="event_info"><h2>Nascita dello spin-off TE.M.A. Energy</h2><p>Nulla vehicula tortor scelerisque ultrices malesuada. Ut vel semper nisi, sed mattis leo. Nam eu magna eu nisl rutrum mattis ut sit amet tellus. Cras volutpat erat eu mauris vulputate, eget condimentum lectus pulvinar. Quisque hendrerit&#8230;</p></div></div><span class="timeline_event_date_ctn"><div class="timeline_event_date"><h2>2021</h2></div></span><div class="timeline_event rda_bounceInLeft"><div class="event_img"><img class="" src="https://www.temaitaly.com/wp-content/uploads/2015/02/placeholder-250x250.jpg" width="250" height="250" alt="placeholder" title="placeholder" /></div><div class="event_triangle"></div><div class="event_info"><h2>Nuovo ampliamento reparto produttivo</h2><p>Nulla vehicula tortor scelerisque ultrices malesuada. Ut vel semper nisi, sed mattis leo. Nam eu magna eu nisl rutrum mattis ut sit amet tellus. Cras volutpat erat eu mauris vulputate, eget condimentum lectus pulvinar. Quisque hendrerit&#8230;</p></div></div><span class="timeline_event_date_ctn"><div class="timeline_event_date"><h2>OGGI</h2></div></span><div class="timeline_event rda_bounceInLeft"><div class="event_img"><img class="" src="https://www.temaitaly.com/wp-content/uploads/2015/02/placeholder-250x250.jpg" width="250" height="250" alt="placeholder" title="placeholder" /></div><div class="event_triangle"></div><div class="event_info"><h2>Novità e Mission</h2><p>Nulla vehicula tortor scelerisque ultrices malesuada. Ut vel semper nisi, sed mattis leo. Nam eu magna eu nisl rutrum mattis ut sit amet tellus. Cras volutpat erat eu mauris vulputate, eget condimentum lectus pulvinar. Quisque hendrerit&#8230;</p></div></div></div>

<!-- Timeline Event END-->
[/vc_column][/vc_row]</p>

<p>[vc_row css= ».vc_custom_1653912855341{margin-bottom: 0px !important;padding-top: 47px !important;padding-bottom: 0px !important;} » parallax_background= » »][vc_column width= »1/2&Prime; css= ».vc_custom_1422768980499{padding-top: 45px !important;padding-bottom: 30px !important;} »][vc_custom_heading text= »Une histoire qui nous distingue » font_container= »tag:h2|font_size:26|text_align:left » google_fonts= »font_family:Roboto%3A100%2C100italic%2C300%2C300italic%2Cregular%2Citalic%2C500%2C500italic%2C700%2C700italic%2C900%2C900italic|font_style:500%20bold%20regular%3A500%3Anormal » css= ».vc_custom_1653911700578{margin-bottom: 17px !important;} »][vc_column_text css= ».vc_custom_1658304502634{margin-bottom: 25px !important;} »]Le parcours qui a conduit TE.M.A. à être un acteur majeur dans ses domaines d&rsquo;activité est le résultat d&rsquo;une vision claire et se caractérise par des choix entrepreneuriaux<br /><a href="https://www.temaitaly.com/fr/entreprise/lhistoire/" class="more">Read more</a></p>
